60?
4
What is the tens digit of 57498?
9
What is the units digit of 70364?
4
What is the thousands digit of 34472?
4
What is the thousands digit of 19915?
9
What is the hundreds digit of 2287?
2
What is the units digit of 942?
2
What is the hundreds digit of 405?
4
What is the ten thousands digit of 33283?
3
What is the thousands digit of 171897?
1
What is the ten thousands digit of 135572?
3
What is the tens digit of 1048?
4
What is the thousands digit of 43915?
3
What is the tens digit of 947?
4
What is the units digit of 55173?
3
What is the thousands digit of 1623?
1
What is the ten thousands digit of 10057?
1
What is the tens digit of 184?
8
What is the thousands digit of 29692?
9
What is the hundreds digit of 23756?
7
What is the units digit of 4703?
3
What is the units digit of 8021?
1
What is the ten thousands digit of 72549?
7
What is the thousands digit of 2033?
2
What is the thousands digit of 3920?
3
What is the units digit of 5013?
3
What is the units digit of 7521?
1
What is the hundreds digit of 2999?
9
What is the tens digit of 1270?
7
What is the units digit of 1048?
8
What is the tens digit of 30030?
3
What is the hundreds digit of 8170?
1
What is the thousands digit of 2272?
2
What is the units digit of 23428?
8
What is the hundreds digit of 8862?
8
What is the tens digit of 34700?
0
What is the tens digit of 855?
5
What is the units digit of 307?
7
What is the tens digit of 55165?
6
What is the thousands digit of 85178?
5
What is the hundreds digit of 19358?
3
What is the hundreds digit of 1406?
4
What is the hundreds digit of 77584?
5
What is the units digit of 1243?
3
What is the tens digit of 7658?
5
What is the thousands digit of 78280?
8
What is the units digit of 4620?
0
What is the units digit of 4475?
5
What is the ten thousands digit of 20198?
2
What is the ten thousands digit of 16984?
1
What is the hundreds digit of 2165?
1
What is the tens digit of 927?
2
What is the hundreds digit of 682?
6
What is the ten thousands digit of 11171?
1
What is the hundreds digit of 7697?
6
What is the hundreds digit of 174?
1
What is the hundreds digit of 4623?
6
What is the hundreds digit of 6482?
4
What is the hundreds digit of 8321?
3
What is the units digit of 22558?
8
What is the thousands digit of 3008?
3
What is the thousands digit of 31434?
1
What is the hundreds digit of 688?
6
What is the ten thousands digit of 55406?
5
What is the tens digit of 29994?
9
What is the units digit of 6832?
2
What is the thousands digit of 2708?
2
What is the tens digit of 8512?
1
What is the tens digit of 1041?
4
What is the thousands digit of 9230?
9
What is the units digit of 458?
8
What is the units digit of 12519?
9
What is the units digit of 861?
1
What is the thousands digit of 19910?
9
What is the tens digit of 2758?
5
What is the ten thousands digit of 22593?
2
What is the units digit of 693?
3
What is the units digit of 4908?
8
What is the units digit of 1800?
0
What is the hundreds digit of 4003?
0
What is the units digit of 901?
1
What is the units digit of 114413?
3
What is the units digit of 40669?
9
What is the tens digit of 35663?
6
What is the units digit of 2854?
4
What is the ten thousands digit of 171142?
7
What is the units digit of 6355?
5
What is the hundreds digit of 6337?
3
What is the units digit of 53389?
9
What is the units digit of 432?
2
What is the thousands digit of 1187?
1
What is the thousands digit of 7120?
7
What is the units digit of 2401?
1
What is the tens digit of 88?
8
What is the units digit of 4690?
0
What is the units digit of 15836?
6
What is the units digit of 527?
7
What is the tens digit of 1673?
7
What is the units digit of 148895?
5
What is the tens digit of 42750?
5
What is the units digit of 18314?
4
What is the units digit of 5690?
0
What is the thousands digit of 1388?
1
What is the thousands digit of 2368?
2
What is the thousands digit of 25874?
5
What is the units digit of 15687?
7
What is the units digit of 97941?
1
What is the units digit of 13954?
4
What is the tens digit of 20776?
7
What is the thousands digit of 161166?
1
What is the thousands digit of 24534?
4
What is the hundreds digit of 65573?
5
What is the units digit of 512?
2
What is the tens digit of 8624?
2
What is the thousands digit of 11107?
1
What is the hundred thousands digit of 149845?
1
What is the thousands digit of 18796?
8
What is the hundreds digit of 12127?
1
What is the thousands digit of 1844?
1
What is the units digit of 35041?
1
What is the hundreds digit of 1916?
9
What is the tens digit of 24329?
2
What is the tens digit of 5767?
6
What is the hundreds digit of 31592?
5
What is the thousands digit of 3529?
3
What is the tens digit of 807?
0
What is the thousands digit of 6940?
6
What is the thousands digit of 158902?
8
What is the hundreds digit of 9533?
5
What is the thousands digit of 1318?
1
What is the tens digit of 4924?
2
What is the tens digit of 1531?
3
What is the units digit of 19375?
5
What is the hundreds digit of 18466?
4
What is the hundreds digit of 225?
2
What is the tens digit of 2145?
4
What is the units digit of 12849?
9
What is the units digit of 596?
6
What is the tens digit of 1654?
5
What is the tens digit of 1496?
9
What is the tens digit of 600?
0
What is the units digit of 3534?
4
What is the tens digit of 144?
4
What is the tens digit of 68580?
8
What is the hundreds digit of 37217?
2
What is the tens digit of 3162?
6
What is the tens digit of 4494?
9
What is the hundreds digit of 41133?
1
What is the units digit of 26204?
4
What is the tens digit of 5053?
5
What is the units digit of 12146?
6
What is the tens digit of 669?
6
What is the units digit of 1626?
6
What is the hundreds digit of 26973?
9
What is the units digit of 1425?
5
What is the thousands digit of 10918?
0
What is the tens digit of 30?
3
What is the tens digit of 1945?
4
What is the tens digit of 43178?
7
What is the thousands digit of 18433?
8
What is the hundreds digit of 134133?
1
What is the hundreds digit of 18382?
3
What is the hundreds digit of 145?
1
What is the tens digit of 383?
8
What is the hundreds digit of 5520?
5
What is the hundreds digit of 887?
8
What is the hundreds digit of 30533?
5
What is the tens digit of 25610?
1
What is the units digit of 4092?
2
What is the units digit of 200?
0
What is the units digit of 66397?
7
What is the hundreds digit of 2999?
9
What is the tens digit of 24880?
8
What is the tens digit of 6333?
3
What is the tens digit of 559?
5
What is the hundreds digit of 548?
5
What is the units digit of 20897?
7
What is the ten thousands digit of 88781?
8
What is the tens digit of 14678?
7
What is the tens digit of 7138?
3
What is the units digit of 143623?
3
What is the hundreds digit of 1344?
3
What is the hundreds digit of 8029?
0
What is the thousands digit of 1668?
1
What is the hundreds digit of 9372?
3
What is the units digit of 3061?
1
What is the tens digit of 1386?
8
What is the units digit of 873?
3
What is the tens digit of 84992?
9
What is the tens digit of 1315?
1
What is the tens digit of 1774?
7
What is the hundreds digit of 14770?
7
What is the tens digit of 19869?
6
What is the hundred thousands digit of 151886?
1
What is the units digit of 33434?
4
What is the thousands digit of 116581?
6
What is the units digit of 572?
2
What is the ten thousands digit of 52722?
5
What is the thousands digit of 1300?
1
What is the thousands digit of 3461?
3
What is the hundreds digit of 453?
4
What is the thousands digit of 1878?
1
What is the units digit of 10935?
5
What is the units digit of 5244?
4
What is the units digit of 796?
6
What is the units digit of 23?
3
What is the tens digit of 8205?
0
What is the hundreds digit of 5363?
3
What is the hundreds digit of 1718?
7
What is the tens digit of 155708?
0
What is the units digit of 74?
4
What is the hundreds digit of 100208?
2
What is the units digit of 179318?
8
What is the thousands digit of 12255?
2
What is the tens digit of 910?
1
What is the tens digit of 2166?
6
What is the thousands digit of 42005?
2
What is the thousands digit of 8289?
8
What is the thousands digit of 2123?
2
What is the hundreds digit of 9556?
5
What is the units digit of 38549?
9
What is the thousands digit of 49686?
9
What is the tens